 30079. Give g(362).
-395
Let z(i) = i**3 + 86*i**2 + 763*i + 298. Calculate z(-76).
70
Let g(z) = -391*z + 284318. What is g(727)?
61
Let x(z) = -2*z**2 + 1734*z + 212941. Determine x(-109).
173
Let k(u) = -90*u - 216. What is k(6)?
-756
Let r(v) = 35*v**2 - 278*v - 1646. Calculate r(-4).
26
Let x(z) = 22983*z - 666360. What is x(29)?
147
Let i(o) = 50579*o + 50588. Give i(-1).
9
Let z(o) = 2*o**2 - 110*o - 48303. Determine z(-131).
429
Let x(h) = 2*h**2 + 377*h - 3783. Calculate x(10).
187
Let d(y) = -1455*y - 61092. Determine d(-42).
18
Let i(z) = 460*z**2 + 3195*z - 174. Calculate i(-7).
1
Let h(d) = 18042*d - 141512. Determine h(8).
2824
Let s(x) = -2399*x**2 - 9554*x + 162. Give s(-4).
-6
Let z(x) = 2*x**3 + 141*x**2 + 2494*x + 272. Determine z(-37).
-283
Let t(m) = 16522*m - 9500152. Calculate t(575).
-2
Let m(n) = -12814*n - 89670. Give m(-7).
28
Let k(q) = 12*q**2 - 1182*q + 10620. What is k(9)?
954
Let d(k) = -102*k - 17295. Give d(-159).
-1077
Let q(j) = -2494*j + 22420. What is q(9)?
-26
Let v(c) = 3*c**3 - 135*c**2 + 143*c + 167. Determine v(44).
651
Let u(p) = -829*p - 7306. What is u(-9)?
155
Let v(j) = -4643*j - 714990. Calculate v(-154).
32
Let y(n) = 367*n**3 - 74*n**2 - 137*n + 23. What is y(-2)?
-2935
Let y(v) = -3807*v - 3849. What is y(-1)?
-42
Let v(w) = 18*w**3 + 144*w**2 - 14*w - 26. What is v(-8)?
86
Let r(b) = -304*b + 26799. Give r(83).
1567
Let i(h) = 45524*h + 45514. Calculate i(-1).
-10
Let z(l) = l**3 + 144*l**2 - 1819*l - 687. Calculate z(12).
-51
Let u(p) = 65*p**2 - 1248*p + 252. Calculate u(19).
5
Let o(f) = f**3 + 371*f**2 - 11618*f - 7222. Give o(-400).
-22
Let s(d) = 233195*d + 2331956. Give s(-10).
6
Let w(f) = -2*f**3 - 160*f**2 - 152*f - 412. Determine w(-79).
-886
Let w(i) = -75*i**2 + 23373*i - 14908. Calculate w(311).
20
Let p(r) = -3*r**3 - 337*r**2 - 1092*r - 222. Give p(-109).
-4
Let q(w) = -2*w**2 - 2695*w - 58604. Calculate q(-22).
-282
Let k(h) = 50*h**3 - 1164*h**2 + 328*h - 184. Calculate k(23).
-46
Let n(w) = 4053*w - 16236. Give n(4).
-24
Let c(b) = -b**3 + 2256*b**2 - 5*b + 10. Determine c(0).
10
Let y(r) = r**2 - 952*r + 224404. Determine y(523).
37
Let j(l) = -l**3 - 18*l**2 + 20*l - 1256. Calculate j(-23).
929
Let m(s) = -s**2 + 994*s + 17171. Determine m(-17).
-16
Let s(z) = 499*z - 169669. Determine s(340).
-9
Let w(s) = 2*s**3 + 18*s**2 - 91*s + 34. Calculate w(6).
568
Let c(h) = h**3 - 33*h**2 + 285*h - 713. Calculate c(21).
-20
Let s(f) = -1210*f + 8614. Determine s(7).
144
Let m(l) = 5*l**3 + 97*l**2 - 470*l - 8. What is m(4)?
-16
Let d(t) = t**3 + 59*t**2 + 501*t + 7130. Calculate d(-52).
6
Let d(b) = -6*b**3 + 39*b**2 - 166*b - 23. Calculate d(6).
-911
Let w(a) = 131*a**2 - 2025*a + 2025. Give w(1).
131
Let t(c) = -99867*c - 798927. Calculate t(-8).
9
Let o(f) = f**3 + 28*f**2 - 22*f + 880. Calculate o(-28).
1496
Let o(t) = -t**3 + 238*t**2 - 7758*t - 138. Determine o(39).
-21
Let p(w) = 13*w**2 + 2088*w - 46950. Give p(20).
10
Let m(h) = -311*h**3 - 5905*h**2 + 80*h + 70. Give m(-19).
-6
Let d(i) = -i**3 + 198*i**2 + 110611*i - 1326. Determine d(446).
12
Let p(i) = -3*i**3 + 61*i**2 + 92*i - 10. Determine p(22).
-406
Let g(l) = l**3 - 258*l**2 + 65*l + 49345. Determine g(257).
1
Let r(m) = 2446*m - 626170. Calculate r(256).
6
Let a(p) = 5344*p + 235118. Give a(-44).
-18
Let d(b) = -3*b**2 + 13*b + 1148. Give d(0).
1148
Let i(n) = n**3 + 4662*n**2 + 152753*n - 144. Determine i(-33).
-12
Let x(j) = -99003*j - 4653182. What is x(-47)?
-41
Let a(z) = -2846*z**2 + 339*z - 2. Calculate a(0).
-2
Let u(w) = -2687*w - 11930. What is u(-5)?
1505
Let p(l) = -4*l**2 + 17*l + 157. What is p(-7)?
-158
Let w(f) = f**3 - 2*f**2 + 197. Calculate w(-12).
-1819
Let u(n) = 198*n**2 - 3171*n + 24. Determine u(16).
-24
Let n(m) = -93*m**3 + 464*m**2 + 780*m - 3896. What is n(5)?
-21
Let w(z) = 11052*z - 143684. Calculate w(13).
-8
Let h(v) = -518296*v - 2073181. Calculate h(-4).
3
Let m(k) = 6*k**2 - 7035*k - 13. Calculate m(0).
-13
Let j(z) = 23*z**3 + 6*z**2 + 31*z - 101. Determine j(3).
667
Let d(r) = 2*r**2 - 420583*r - 2102971. Determine d(-5).
-6
Let a(h) = -4*h**2 + 285*h - 4255. What is a(20)?
-155
Let t(m) = -m**3 - 200*m**2 + 2130*m - 282. Calculate t(10).
18
Let m(y) = y**2 + 146*y + 6500. Give m(-78).
1196
Let g(r) = 26627*r + 17360806. Calculate g(-652).
2
Let d(w) = -106*w - 7719. Give d(-73).
19
Let s(d) = 2*d**2 - 1299*d + 184109. Calculate s(209).
-20
Let g(p) = -410*p + 5100. What is g(15)?
-1050
Let l(z) = -10*z**2 - 1457*z - 1010. What is l(-145)?
5
Let w(j) = -26*j**2 + 26*j + 532. Calculate w(-5).
-248
Let w(v) = -2768*v - 80236. Calculate w(-29).
36
Let l(k) = 26254*k + 2310377. Calculate l(-88).
25
Let j(m) = m**3 + 262*m**2 + 7744*m - 1807. Give j(-228).
17
Let m(x) = 10446*x + 41883. Determine m(-4).
99
Let x(r) = 3*r**2 + 175113*r - 525328. Calculate x(3).
38
Let l(m) = -m**2 - 8907*m + 420864. Determine l(47).
26
Let h(f) = 7*f**2 - 213*f + 1054. What is h(5)?
164
Let t(p) = -6418*p - 141220. What is t(-22)?
-24
Let y(i) = i**2 + 4006*i + 375360. Calculate y(-96).
0
Let h(w) = -w**3 - 3*w**2 - 190*w - 21. What is h(-12)?
3555
Let i(c) = 12*c**2 + 1994*c - 1008. Give i(-165).
-3318
Let h(w) = 6604*w + 211173. Give h(-32).
-155
Let i(q) = -19*q**3 + 1634*q**2 - 4*q + 331. Calculate i(86).
-13
Let x(j) = j**2 + 115*j - 5397. Give x(40).
803
Let q(o) = -o**2 - 84*o + 494. Give q(-101).
-1223
Let n(i) = 2*i**2 + 938*i - 61107. Give n(-527).
25
Let d(s) = 2*s**3 - 3*s**2 - 954*s + 1499. What is d(0)?
1499
Let a(v) = 1823*v - 9839. What is a(5)?
-724
Let a(w) = -14256*w + 22538737. Determine a(1581).
1
Let d(j) = 1102*j - 11148. Calculate d(10).
-128
Let w(z) = 63*z**2 - 652*z + 773. Determine w(8).
-411
Let x(y) = -4*y**3 + 678*y**2 - 1668*y + 21. Determine x(167).
355
Let p(g) = -241*g + 28630. Determine p(118).
192
Let q(h) = -450*h**2 - 2678*h + 138. What is q(-6)?
6
Let w(i) = i**3 + 65*i**2 + 457*i + 58. Give w(-57).
1
Let a(z) = 9*z**2 + 46*z + 259. What is a(-9)?
574
Let g(c) = 164*c + 2234. What is g(-19)?
-882
Let i(k) = -23200*k + 71267. Calculate i(3).
1667
Let u(g) = 8736*g - 786270. Determine u(90).
-30
Let p(m) = 37*m**2 - 88*m - 848. What is p(-11)?
4597
Let k(y) = 1262*y - 6374. Give k(5).
-64
Let f(q) = q**2 - 316*q - 9677. What is f(-29)?
328
Let g(f) = 3*f**3 - 23*f**2 - 379*f + 2161. Calculate g(5).
66
Let w(z) = 2*z**2 - 580*z + 39428. Calculate w(106).
420
Let v(m) = 3752*m - 810451. Calculate v(216).
-19
Let m(x) = 100*x**3 - 1148*x**2 + 536*x - 79. Determine m(11).
9
Let t(p) = 4*p**3 + 137*p**2 + 1281*p + 27223. Calculate t(-31).
5
Let p(z) = 5*z**2 - 122*z - 3027. What is p(-15)?
-72
Let r(y) = -4*y**2 - 4899*y + 411990. Calculate r(79).
5
Let l(u) = 851*u - 152320. Give l(179).
9
Let c(b) = -12*b**2 + 380*b - 5677. What is c(14)?
-2709
Let w(g) = 3536*g + 3542. Calculate w(-1).
6
Let n(s) = s**3 + 15*s**2 - 2079*s + 8752. Calculate n(36).
4
Let k(x) = -552*x - 10682. What is k(-20)?
358
Let u(g) = 3*g**3 + 224*g**2 + 115*g - 2501. What is u(-74)?
-59
Let u(b) = -8*b**2 + 6056*b + 79998. Determine u(-13).
-82
Let i(f) = -10*f**3 + 1151*f**2 - 112*f - 329. Determine i(115).
16
Let i(t) = -t**3 - 537*t**2 + 4940*t + 14171. Calculate i(-546).
-25
Let x(j) = -1153*j**2 + 2*j - 1196. What is x(0)?
-1196
Let l(a) = -a**3 - 17*a**2 + 38*a + 322. Determine l(-12).
-854
Let q(c) = 13309*c + 79904. What is q(-6)?
50
Let h(v) = 4*v**3 + 1857*v**2 + 13238*v - 6845. What is h(-457)?
10
Let a(p) = p**3 - 4*p**2 + 50*p + 207. Give a(-4).
-121
Let i(w) = 79*w**2 - 14551*w - 11838. Determine i(185).
2
Let o(y) = -y**2 + 494*y + 161509. Determine o(-225).
-266
Let f(i) = 764*i - 38314. What is f(46)?
-3170
Let k(u) = 2*u**2 - 10360*u - 449191. Determine k(-43).
-13
Let s(a) = 496298*a + 7940763. Give s(-16).
-5
Let w(k) = k**2 - 1908805*k + 11452788. What is w(6)?
-6
Let r(a) = 55*a**2 + 27*a + 74. Give r(-3).
488
Let l(n) = -114358*n + 1029018. Give l(9).
-204
Let m(q) = 308*q**3 + 33*q**2 + 93*q - 9. What is m(-3)?
-8307
Let u(o) = -o**3 + 15*o**2 + 328*o - 5190. Calculate u(17).
-192
Let p(j) = -3*j**2 - 13*j - 74. Calculate p(21).
-1670
Let m(h) = -155*h**2 + 14*h + 1. Give m(-1).
-168
Let j(v) = v**3 - 14*v**2 - 245*v + 3433. Give j(14).
3
Let w(s) = 6725*s +